{"id":8,"date":"2018-09-24T18:53:44","date_gmt":"2018-09-24T16:53:44","guid":{"rendered":"http:\/\/bdc.re\/?page_id=8"},"modified":"2023-03-22T17:01:34","modified_gmt":"2023-03-22T16:01:34","slug":"accueil","status":"publish","type":"page","link":"https:\/\/bdc.re\/","title":{"rendered":"QUI SOMMES-NOUS ?"},"content":{"rendered":"<p>Bourbon Data Center Sasu est une soci\u00e9t\u00e9 qui est n\u00e9e des cons\u00e9quences d&rsquo;un piratage ransomware,<\/p>\n<p>Ayant perdu \u00e0 jamais certains \u00e9l\u00e9ments composant une soci\u00e9t\u00e9 tel que du social, fiches de paies, comptas, etc&#8230;\u00a0<\/p>\n<p>J&rsquo;ai d\u00e9cid\u00e9 de d\u00e9velopper moi m\u00eame ce logiciel compatible sur Mac, Windows et Linux depuis 2015<\/p>\n<p>Sp\u00e9cialis\u00e9 dans le d\u00e9veloppement de la protection informatique, la solution Bourbon Data Center\u00ae que nous d\u00e9veloppons et am\u00e9liorons constamment vous permet le cryptage et le stockage automatis\u00e9 de vos donn\u00e9es les plus sensibles sur des serveurs locaux ou distants tels que\u00a0 vos bases de donn\u00e9es m\u00e9tiers tournant sur Windows Serveur\u00ae\u00a0 ou encore vos documents professionnels et personnels et cela automatiquement et quotidiennement<\/p>\n<p>Bourbon Data Center \u00ae est \u00e9galement une solution \u00e0 vos probl\u00e8mes de num\u00e9risation car elle offre la possibilit\u00e9 de scanner tous documents afin de les int\u00e9grer au stockage automatis\u00e9.<\/p>\n\n\n<p><\/p>\n","protected":false},"excerpt":{"rendered":"<p>Bourbon Data Center Sasu est une soci\u00e9t\u00e9 qui est n\u00e9e des cons\u00e9quences d&rsquo;un piratage ransomware, Ayant perdu \u00e0 jamais certains \u00e9l\u00e9ments composant une soci\u00e9t\u00e9 tel que du social, fiches de paies, comptas, etc&#8230;\u00a0 J&rsquo;ai d\u00e9cid\u00e9 de d\u00e9velopper moi m\u00eame ce logiciel compatible sur Mac, Windows et Linux depuis 2015 Sp\u00e9cialis\u00e9 dans le d\u00e9veloppement de la &hellip; <\/p>\n<p class=\"link-more\"><a href=\"https:\/\/bdc.re\/\" class=\"more-link\">Continuer la lecture<span class=\"screen-reader-text\"> de &laquo;&nbsp;QUI SOMMES-NOUS ?&nbsp;&raquo;<\/span><\/a><\/p>\n","protected":false},"author":1,"featured_media":85,"parent":0,"menu_order":0,"comment_status":"closed","ping_status":"closed","template":"","meta":[],"_links":{"self":[{"href":"https:\/\/bdc.re\/index.php?rest_route=\/wp\/v2\/pages\/8"}],"collection":[{"href":"https:\/\/bdc.re\/index.php?rest_route=\/wp\/v2\/pages"}],"about":[{"href":"https:\/\/bdc.re\/index.php?rest_route=\/wp\/v2\/types\/page"}],"author":[{"embeddable":true,"href":"https:\/\/bdc.re\/index.php?rest_route=\/wp\/v2\/users\/1"}],"replies":[{"embeddable":true,"href":"https:\/\/bdc.re\/index.php?rest_route=%2Fwp%2Fv2%2Fcomments&post=8"}],"version-history":[{"count":27,"href":"https:\/\/bdc.re\/index.php?rest_route=\/wp\/v2\/pages\/8\/revisions"}],"predecessor-version":[{"id":243,"href":"https:\/\/bdc.re\/index.php?rest_route=\/wp\/v2\/pages\/8\/revisions\/243"}],"wp:featuredmedia":[{"embeddable":true,"href":"https:\/\/bdc.re\/index.php?rest_route=\/wp\/v2\/media\/85"}],"wp:attachment":[{"href":"https:\/\/bdc.re\/index.php?rest_route=%2Fwp%2Fv2%2Fmedia&parent=8"}],"curies":[{"name":"wp","href":"https:\/\/api.w.org\/{rel}","templated":true}]}}